{"id":144,"date":"2020-04-08T09:48:07","date_gmt":"2020-04-08T07:48:07","guid":{"rendered":"https:\/\/lepiejnagaz.pl\/?page_id=144"},"modified":"2025-02-13T07:48:22","modified_gmt":"2025-02-13T06:48:22","slug":"regulamin-strony","status":"publish","type":"page","link":"https:\/\/duon.pl\/lepiejnagaz\/rodo\/regulamin-strony\/","title":{"rendered":"Regulamin strony"},"content":{"rendered":"<div class=\"wpb-content-wrapper\"><p>[vc_section][vc_row][vc_column offset=&#8221;vc_col-lg-offset-1 vc_col-lg-10&#8243;][vc_column_text]<strong>[Definicje]<\/strong><\/p>\n<p><strong>Serwis internetowy<\/strong> \u2013 nale\u017cy przez to rozumie\u0107 www.lepiejnagaz.pl.<br \/>\n<strong>W\u0142a\u015bciciel<\/strong> \u2013 nale\u017cy przez to rozumie\u0107 podmiot b\u0119d\u0105cym prawnym w\u0142a\u015bcicielem strony internetowej.<br \/>\n<strong>Operator<\/strong> \u2013 nale\u017cy przez to rozumie\u0107 podmiot administruj\u0105cy udost\u0119pnionymi us\u0142ugami na stronie internetowej.<br \/>\n<strong>U\u017cytkownik <\/strong>\u2013 nale\u017cy przez to rozumie\u0107 osob\u0119 odwiedzaj\u0105c\u0105 serwis.<br \/>\n<strong>Materia\u0142y<\/strong>\u00a0\u2013 nale\u017cy przez to rozumie\u0107 wszelkie tre\u015bci zamieszczone przez W\u0142a\u015bciciela w Serwisie, w tym w szczeg\u00f3lno\u015bci zdj\u0119cia, komentarze, wypowiedzi, opinie dotycz\u0105ce us\u0142ug.<\/p>\n<p><strong>[W\u0142a\u015bciciel \/ Operator]<\/strong><\/p>\n<ol>\n<li>W\u0142a\u015bcicielem i Operatorem serwisu internetowego www.lepiejnagaz.pl jest sp\u00f3\u0142ka DUON Dystrybucja Sp. z o. o. w Wysogotowie, (62-081 Prze\u017amierowo) ul. Serdeczna 8.<\/li>\n<li>Umo\u017cliwianie korzystania z Serwisu Internetowego jest us\u0142ug\u0105 \u015bwiadczon\u0105 drog\u0105 elektroniczn\u0105 przez Us\u0142ugodawc\u0119 na rzecz Us\u0142ugobiorc\u00f3w, w rozumieniu Ustawy z dnia 18 lipca 2002 r.<br \/>\no \u015bwiadczeniu us\u0142ug drog\u0105 elektroniczn\u0105, kt\u00f3ra odbywa si\u0119 na podstawie niniejszego Regulaminu.<\/li>\n<li>Tre\u015b\u0107, informacje i inne us\u0142ugi prezentowane na niniejszej stronie zosta\u0142y przeznaczone wy\u0142\u0105cznie dla u\u017cytkownik\u00f3w w Polsce.<\/li>\n<li>W\u0142a\u015bciciel \u015bwiadczy swoje us\u0142ugi na podstawie niniejszego Regulaminu, a wej\u015bcie na t\u0105 stron\u0119 i korzystanie z zawarto\u015bci na niej umieszczonych jest r\u00f3wnoznaczne z zaakceptowaniem niniejszej informacji prawnej.<\/li>\n<li>U\u017cytkownik jest zobowi\u0105zany do korzystania ze strony w spos\u00f3b zgodny z niniejszym Regulaminem, obowi\u0105zuj\u0105cym prawem, og\u00f3lnymi zasadami korzystania z sieci Internet oraz celami utworzenia strony, a w szczeg\u00f3lno\u015bci w spos\u00f3b nie naruszaj\u0105cy praw os\u00f3b trzecich oraz praw w\u0142a\u015bciciela.<\/li>\n<li>U\u017cytkownik zobowi\u0105zany jest do powstrzymywania si\u0119 od jakiejkolwiek aktywno\u015bci, kt\u00f3ra mog\u0142aby wp\u0142yn\u0105\u0107 na prawid\u0142owe funkcjonowanie Serwisu, w tym w szczeg\u00f3lno\u015bci do jakiegokolwiek ingerowania w zawarto\u015b\u0107 Serwisu lub jego elementy techniczne, w tym do dostarczania tre\u015bci o charakterze bezprawnym. Zabronione jest wykorzystywanie Serwisu do cel\u00f3w innych ni\u017c jego przeznaczenie, w tym w szczeg\u00f3lno\u015bci rozsy\u0142anie spamu, prowadzenie na stronach internetowych Serwisu jakiejkolwiek dzia\u0142alno\u015bci komercyjnej, reklamowej, promocyjnej itp.<\/li>\n<li>W przypadku stwierdzenia, \u017ce U\u017cytkownik narusza pkt. 5 lub dopuszcza si\u0119 dzia\u0142a\u0144 opisanych w pkt 6, W\u0142a\u015bciciel ma prawo podj\u0105\u0107 wszelkie dzia\u0142ania prowadz\u0105ce do naprawienia poniesionej w zwi\u0105zku z tym szkody.<\/li>\n<li>U\u017cytkownik niewyra\u017caj\u0105cy zgody na przestrzeganie postanowie\u0144 niniejszej informacji, proszony jest o opuszczenie niniejszej strony internetowej.<\/li>\n<li>Regulamin jest wi\u0105\u017c\u0105cy dla odwiedzaj\u0105cego Stron\u0119 bez konieczno\u015bci zawierania odr\u0119bnej umowy.<\/li>\n<\/ol>\n<p><strong>[Prawa w\u0142asno\u015bci intelektualnej]<\/strong><\/p>\n<ol>\n<li>Zawarto\u015b\u0107 strony, w tym jej tre\u015b\u0107, kszta\u0142t i konstrukcja chroniona jest polskim i mi\u0119dzynarodowym prawem autorskim.<\/li>\n<li>Prawa do wszystkich materia\u0142\u00f3w zamieszczonych na stronie zastrze\u017cone s\u0105 na rzecz w\u0142a\u015bciciela b\u0105d\u017a firm i os\u00f3b uprawnionych (np. partner\u00f3w handlowych, klient\u00f3w).<\/li>\n<li>\u017badna cz\u0119\u015b\u0107 strony (m.in. teksty, dokumenty, pliki, uk\u0142ady graficzne, grafiki) nie mo\u017ce by\u0107 powielana lub rozpowszechniana w jakiejkolwiek formie lub w jakikolwiek spos\u00f3b (elektroniczny lub mechaniczny) w\u0142\u0105cznie z kopiowaniem, drukowaniem, fotokopiowaniem, nagrywaniem na ta\u015bmy, dyskietki, p\u0142yty CV\/DVD lub przy u\u017cyciu innych system\u00f3w i \u015brodk\u00f3w, bez zgody w\u0142a\u015bciciela, chyba, \u017ce regulamin stanowi inaczej.<\/li>\n<li>\u015aci\u0105ganie i kopiowanie tre\u015bci znajduj\u0105cych si\u0119 na stronie jest dozwolone wy\u0142\u0105cznie do prywatnego, niekomercyjnego u\u017cytku, chyba, \u017ce w danym przypadku okre\u015blono inaczej. Ustawianie hyperlink\u00f3w na stronie, w szczeg\u00f3lno\u015bci deep links, inline-links lub link\u00f3w w technologii Frame, jest dopuszczalne wy\u0142\u0105cznie za uprzedni\u0105, pisemn\u0105 zgod\u0105 w\u0142a\u015bciciela.<\/li>\n<li>Naruszenie licencji i praw autorskich przez U\u017cytkownika skutkuje odpowiedzialno\u015bci\u0105 prawn\u0105 okre\u015blon\u0105 w szczeg\u00f3lno\u015bci w przepisach ustawy o prawie autorskim i prawach pokrewnych, Ustawy o zwalczaniu nieuczciwej konkurencji, przepisach kodeku cywilnego lub przepisach prawa prasowego.<\/li>\n<\/ol>\n<p><strong>[Przeznaczenie serwisu]<\/strong><\/p>\n<ol>\n<li>Przeznaczeniem serwisu jest:<br \/>\n&#8211; informacja o us\u0142ugach i nowo\u015bciach us\u0142ugowych w\u0142a\u015bciciela,<br \/>\n&#8211; informacja o aktualno\u015bciach bran\u017cowych,<br \/>\n&#8211; umo\u017cliwienie nawi\u0105zania kontaktu z w\u0142a\u015bcicielem,<br \/>\n&#8211; umo\u017cliwienie przygotowania oferty handlowej, opartej na dostarczonych nam informacjach.<\/li>\n<\/ol>\n<ol start=\"2\">\n<li>Dost\u0119p do us\u0142ug Strony jest bezp\u0142atny.<\/li>\n<\/ol>\n<p><strong>[Odpowiedzialno\u015b\u0107 za tre\u015bci]<\/strong><\/p>\n<ol>\n<li>W\u0142a\u015bciciel odpowiada jedynie za tre\u015bci w\u0142asne zamieszczone na stronie.<\/li>\n<li>Informacje zamieszczane przez w\u0142a\u015bciciela na stronie s\u0105 na bie\u017c\u0105co aktualizowane oraz sporz\u0105dzane<br \/>\nw spos\u00f3b staranny, jednak\u017ce w\u0142a\u015bciciel nie udziela gwarancji za prawid\u0142owo\u015b\u0107, aktualno\u015b\u0107, kompletno\u015b\u0107 i sta\u0142\u0105 dost\u0119pno\u015b\u0107 strony.<\/li>\n<li>W\u0142a\u015bciciel udziela wi\u0105\u017c\u0105cych informacji, porad, zalece\u0144 lub wyja\u015bnie\u0144 wy\u0142\u0105cznie w ramach komunikacji indywidualnej.<\/li>\n<li>W\u0142a\u015bciciel zastrzega sobie prawo zmiany oferty internetowej, jej uzupe\u0142niania, skracania lub ca\u0142kowitego wycofania. Nie gwarantuje r\u00f3wnie\u017c, \u017ce tre\u015bci oferty internetowej s\u0105 odpowiednie dla u\u017cytkownika i jego cel\u00f3w.<\/li>\n<li>Na stronie mog\u0105 by\u0107 umieszczone linki do adres\u00f3w internetowych podmiot\u00f3w trzecich, na kt\u00f3rych tre\u015b\u0107 w\u0142a\u015bciciel nie ma \u017cadnego wp\u0142ywu. Za tre\u015bci znajduj\u0105ce si\u0119 pod linkowanymi adresami odpowiada wy\u0142\u0105cznie ich operator.<\/li>\n<li>W\u0142a\u015bciciel zwraca si\u0119 z pro\u015bb\u0105 o bezzw\u0142oczne jego powiadomienie, je\u015bli u\u017cytkownik, korzystaj\u0105c z link\u00f3w umieszczonych na stronie, trafi pod adresy, kt\u00f3rych tre\u015bci wydaj\u0105 si\u0119 u\u017cytkownikowi w\u0105tpliwe. Usuni\u0119cie tego rodzaju link\u00f3w nast\u0105pi bezzw\u0142ocznie po uzyskaniu informacji o naruszeniu prawa przez tre\u015bci adres\u00f3w linkowanych. O\u015bwiadczenie to obowi\u0105zuje dla wszystkich link\u00f3w znajduj\u0105cych si\u0119 na stronie w\u0142a\u015bciciela.<\/li>\n<li>W\u0142a\u015bciciel zastrzega, \u017ce korzystanie z serwisu odbywa si\u0119 wy\u0142\u0105cznie na koszt i ryzyko U\u017cytkownika.<\/li>\n<li>W\u0142a\u015bciciel zastrzega, \u017ce Us\u0142ugi \u015bwiadczone na podstawie Regulaminu maj\u0105 charakter wy\u0142\u0105cznie informacyjny i nie mog\u0105 by\u0107 wykorzystywane jako narz\u0119dzie s\u0142u\u017c\u0105ce podejmowaniu jakichkolwiek decyzji, w szczeg\u00f3lno\u015bci decyzji inwestycyjnych.<\/li>\n<li>Us\u0142ugodawca nie ponosi odpowiedzialno\u015bci:<br \/>\n&#8211; za jakiekolwiek szkody powsta\u0142e wskutek korzystania z Serwisu przez U\u017cytkownika w spos\u00f3b niezgodny z prawem lub Regulaminem;<br \/>\n&#8211; za jakiekolwiek szkody powsta\u0142e na skutek zaprzestania \u015bwiadczenia Us\u0142ug w przypadku gdy nast\u0105pi\u0142o to z winy U\u017cytkownika b\u0105d\u017a ze wzgl\u0119du na naruszenie przepis\u00f3w prawa lub Regulaminu;<\/li>\n<li>za jakiekolwiek szkody powsta\u0142e w zwi\u0105zku z wykorzystaniem przez U\u017cytkownika danych oraz informacji z Serwisu w celach gospodarczych, inwestycyjnych, biznesowych itp.<\/li>\n<\/ol>\n<p><strong>[Warunki techniczne]<\/strong><\/p>\n<ol>\n<li>Wymagania techniczne niezb\u0119dne do korzystania ze Strony s\u0105 nast\u0119puj\u0105ce:<br \/>\n&#8211; urz\u0105dzenie z dost\u0119pem do sieci Internet;<br \/>\n&#8211; standardowa przegl\u0105darka internetowa z obs\u0142ug\u0105 cookies;<br \/>\n&#8211; posiadanie konta e-mail \u2013 dla niekt\u00f3rych z us\u0142ug, wymagaj\u0105cych podania adresu poczty elektronicznej.<\/li>\n<li>W\u0142a\u015bciciel zastrzega sobie prawo do czasowego zawieszenia \u015bwiadczenia us\u0142ug w zwi\u0105zku z modernizacj\u0105 lub przebudow\u0105 Strony albo z pracami konserwatorskimi systemu teleinformatycznego, w oparciu o kt\u00f3ry dzia\u0142a Strona.<\/li>\n<li>Operator nie odpowiada za przerwy w \u015bwiadczeniu us\u0142ug wynikaj\u0105ce z przyczyn od niego niezale\u017cnych.<\/li>\n<\/ol>\n<p><strong>[Reklamacje i odpowiedzialno\u015b\u0107]<\/strong><\/p>\n<ol>\n<li>Administrator do\u0142o\u017cy wszelkich stara\u0144 w celu zapewnienia prawid\u0142owego dzia\u0142ania Strony oraz udzieli pomocy w rozwi\u0105zywaniu problem\u00f3w zwi\u0105zanych z jej funkcjonowaniem.<\/li>\n<li>Wszelkie reklamacje zwi\u0105zane z funkcjonowaniem Strony powinny by\u0107:<br \/>\n&#8211; pisemne i zawiera\u0107: imi\u0119, nazwisko, adres e-mail, adres do korespondencji u\u017cytkownika oraz uzasadnienie reklamacji;<br \/>\n&#8211; przes\u0142ane listem poleconym na adres W\u0142a\u015bciciela lub elektronicznie na adres: <a href=\"mailto:dystrybucja@duon.pl\">dystrybucja@duon.pl<\/a>.<\/li>\n<li>Reklamacje b\u0119d\u0105 rozpatrywane przez W\u0142a\u015bciciela w terminie do 30 dni kalendarzowych od daty ich otrzymania.<\/li>\n<\/ol>\n<p><strong>[Udost\u0119pnienie informacji i przetwarzanie danych osobowych]<\/strong><\/p>\n<ol>\n<li>U\u017cytkownik niniejszej strony internetowej, udost\u0119pnia informacje w tym dane statystyczne i dane osobowe oraz tre\u015b\u0107 przesy\u0142anej wiadomo\u015bci. Cele przetwarzania wskazanych w zdaniu poprzedzaj\u0105cym informacji okre\u015blone zosta\u0142y w <a href=\"https:\/\/duon.pl\/lepiejnagaz\/\/polityka-prywatnosci\/\"><u>Polityce Prywatno\u015bci<\/u><\/a> oraz <a href=\"https:\/\/duon.pl\/lepiejnagaz\/\/rodo\/polityka-plikow-cookies\/\"><u>Polityce Cookies<\/u><\/a>, udost\u0119pnionych na stronie serwisu.<\/li>\n<li>Polityka Cookies stanowi dokument informacyjny wzgl\u0119dem u\u017cytkownika (podmiot danych)<br \/>\no stosowaniu plik\u00f3w cookies.<\/li>\n<li>Polityka Prywatno\u015bci stanowi dokument obowi\u0105zku informacyjnego wzgl\u0119dem u\u017cytkownika (podmiot danych) w sytuacji przetwarzania jego danych osobowych.<\/li>\n<\/ol>\n<p><strong>[Ustalenia ko\u0144cowe]<\/strong><\/p>\n<ol>\n<li>W sprawach nieuregulowanych Regulaminem stosuje si\u0119 przepisy prawa polskiego, w szczeg\u00f3lno\u015bci przepisy Ustawy z dnia 18 lipca 2002 roku o \u015bwiadczeniu us\u0142ug drog\u0105 elektroniczn\u0105 oraz Ustawy z dnia 23 kwietnia 1964 r. Kodeksu cywilnego, Ustawy z dnia 10 maja 2018 r. o ochronie danych osobowych.<\/li>\n<li>W\u0142a\u015bciwym do rozstrzygania spor\u00f3w wynikaj\u0105cych ze \u015bwiadczenia Us\u0142ug jest s\u0105d w\u0142a\u015bciwy dla siedziby u\u017cytkownika.<\/li>\n<li>W\u0142a\u015bciciel zastrzega sobie prawo do jednostronnej zmiany Regulaminu po uprzednim poinformowaniu odwiedzaj\u0105cych Stron\u0119 o takiej zmianie.<\/li>\n<li>Regulamin dost\u0119pny jest na Stronie oraz w wersji papierowej w siedzibie W\u0142a\u015bciciela.<\/li>\n<li>Niniejsza informacja prawna oraz korzystanie z niniejszej strony internetowej przez osoby j\u0105 odwiedzaj\u0105ce podlegaj\u0105 przepisom prawa Polskiego.<\/li>\n<\/ol>\n<p><strong>[Kontakt]<\/strong><\/p>\n<p>W przypadku pyta\u0144 lub skarg dotycz\u0105cych niniejszej strony internetowej, prosimy o kierowanie korespondencji:<\/p>\n<ol>\n<li>w formie elektronicznie na adres e-mail: <a href=\"mailto:dystrybucja@duon.pl\">dystrybucja@duon.pl<\/a><\/li>\n<li>w formie tradycyjnej na adres sp\u00f3\u0142ki: DUON Dystrybucja Sp. z o. o. w Wysogotowie, (62-081 Prze\u017amierowo) ul. Serdeczna 8.<\/li>\n<\/ol>\n<p>[\/vc_column_text][\/vc_column][\/vc_row][\/vc_section]<\/p>\n<\/div>","protected":false},"excerpt":{"rendered":"<p>[vc_section][vc_row][vc_column offset=&#8221;vc_col-lg-offset-1 vc_col-lg-10&#8243;][vc_column_text][Definicje] Serwis internetowy \u2013 nale\u017cy przez to rozumie\u0107 www.lepiejnagaz.pl. W\u0142a\u015bciciel \u2013 nale\u017cy przez to rozumie\u0107 podmiot b\u0119d\u0105cym prawnym w\u0142a\u015bcicielem strony internetowej. Operator \u2013 nale\u017cy przez to rozumie\u0107 podmiot administruj\u0105cy udost\u0119pnionymi us\u0142ugami na stronie internetowej. U\u017cytkownik \u2013 nale\u017cy przez to rozumie\u0107 osob\u0119 odwiedzaj\u0105c\u0105 serwis. Materia\u0142y\u00a0\u2013 nale\u017cy przez to rozumie\u0107 wszelkie tre\u015bci zamieszczone przez W\u0142a\u015bciciela [&hellip;]<\/p>\n","protected":false},"author":1,"featured_media":0,"parent":88,"menu_order":0,"comment_status":"closed","ping_status":"closed","template":"tpl-text-page.php","meta":{"_acf_changed":false,"footnotes":""},"class_list":["post-144","page","type-page","status-publish","hentry"],"yoast_head":"<!-- This site is optimized with the Yoast SEO plugin v27.3 - https:\/\/yoast.com\/product\/yoast-seo-wordpress\/ -->\n<title>Regulamin strony - #LepiejNaGaz<\/title>\n<meta name=\"robots\" content=\"noindex, nofollow\" \/>\n<meta property=\"og:locale\" content=\"pl_PL\" \/>\n<meta property=\"og:type\" content=\"article\" \/>\n<meta property=\"og:title\" content=\"Regulamin strony - #LepiejNaGaz\" \/>\n<meta property=\"og:description\" content=\"[vc_section][vc_row][vc_column offset=&#8221;vc_col-lg-offset-1 vc_col-lg-10&#8243;][vc_column_text][Definicje] Serwis internetowy \u2013 nale\u017cy przez to rozumie\u0107 www.lepiejnagaz.pl. W\u0142a\u015bciciel \u2013 nale\u017cy przez to rozumie\u0107 podmiot b\u0119d\u0105cym prawnym w\u0142a\u015bcicielem strony internetowej. Operator \u2013 nale\u017cy przez to rozumie\u0107 podmiot administruj\u0105cy udost\u0119pnionymi us\u0142ugami na stronie internetowej. U\u017cytkownik \u2013 nale\u017cy przez to rozumie\u0107 osob\u0119 odwiedzaj\u0105c\u0105 serwis. Materia\u0142y\u00a0\u2013 nale\u017cy przez to rozumie\u0107 wszelkie tre\u015bci zamieszczone przez W\u0142a\u015bciciela [&hellip;]\" \/>\n<meta property=\"og:url\" content=\"https:\/\/duon.pl\/lepiejnagaz\/rodo\/regulamin-strony\/\" \/>\n<meta property=\"og:site_name\" content=\"#LepiejNaGaz\" \/>\n<meta property=\"article:modified_time\" content=\"2025-02-13T06:48:22+00:00\" \/>\n<meta name=\"twitter:card\" content=\"summary_large_image\" \/>\n<meta name=\"twitter:label1\" content=\"Est. reading time\" \/>\n\t<meta name=\"twitter:data1\" content=\"8 minutes\" \/>\n<script type=\"application\/ld+json\" class=\"yoast-schema-graph\">{\"@context\":\"https:\\\/\\\/schema.org\",\"@graph\":[{\"@type\":\"Article\",\"@id\":\"https:\\\/\\\/duon.pl\\\/lepiejnagaz\\\/rodo\\\/regulamin-strony\\\/#article\",\"isPartOf\":{\"@id\":\"https:\\\/\\\/duon.pl\\\/lepiejnagaz\\\/rodo\\\/regulamin-strony\\\/\"},\"author\":{\"name\":\"m.trocha\",\"@id\":\"https:\\\/\\\/duon.pl\\\/lepiejnagaz\\\/#\\\/schema\\\/person\\\/93eca5dabb4ab335fbbfca8b9b1270f3\"},\"headline\":\"Regulamin strony\",\"datePublished\":\"2020-04-08T07:48:07+00:00\",\"dateModified\":\"2025-02-13T06:48:22+00:00\",\"mainEntityOfPage\":{\"@id\":\"https:\\\/\\\/duon.pl\\\/lepiejnagaz\\\/rodo\\\/regulamin-strony\\\/\"},\"wordCount\":1511,\"publisher\":{\"@id\":\"https:\\\/\\\/duon.pl\\\/lepiejnagaz\\\/#organization\"},\"inLanguage\":\"pl-PL\"},{\"@type\":\"WebPage\",\"@id\":\"https:\\\/\\\/duon.pl\\\/lepiejnagaz\\\/rodo\\\/regulamin-strony\\\/\",\"url\":\"https:\\\/\\\/duon.pl\\\/lepiejnagaz\\\/rodo\\\/regulamin-strony\\\/\",\"name\":\"Regulamin strony - #LepiejNaGaz\",\"isPartOf\":{\"@id\":\"https:\\\/\\\/duon.pl\\\/lepiejnagaz\\\/#website\"},\"datePublished\":\"2020-04-08T07:48:07+00:00\",\"dateModified\":\"2025-02-13T06:48:22+00:00\",\"breadcrumb\":{\"@id\":\"https:\\\/\\\/duon.pl\\\/lepiejnagaz\\\/rodo\\\/regulamin-strony\\\/#breadcrumb\"},\"inLanguage\":\"pl-PL\",\"potentialAction\":[{\"@type\":\"ReadAction\",\"target\":[\"https:\\\/\\\/duon.pl\\\/lepiejnagaz\\\/rodo\\\/regulamin-strony\\\/\"]}]},{\"@type\":\"BreadcrumbList\",\"@id\":\"https:\\\/\\\/duon.pl\\\/lepiejnagaz\\\/rodo\\\/regulamin-strony\\\/#breadcrumb\",\"itemListElement\":[{\"@type\":\"ListItem\",\"position\":1,\"name\":\"RODO\",\"item\":\"https:\\\/\\\/duon.pl\\\/lepiejnagaz\\\/rodo\\\/\"},{\"@type\":\"ListItem\",\"position\":2,\"name\":\"Regulamin strony\"}]},{\"@type\":\"WebSite\",\"@id\":\"https:\\\/\\\/duon.pl\\\/lepiejnagaz\\\/#website\",\"url\":\"https:\\\/\\\/duon.pl\\\/lepiejnagaz\\\/\",\"name\":\"#LepiejNaGaz\",\"description\":\"\",\"publisher\":{\"@id\":\"https:\\\/\\\/duon.pl\\\/lepiejnagaz\\\/#organization\"},\"potentialAction\":[{\"@type\":\"SearchAction\",\"target\":{\"@type\":\"EntryPoint\",\"urlTemplate\":\"https:\\\/\\\/duon.pl\\\/lepiejnagaz\\\/?s={search_term_string}\"},\"query-input\":{\"@type\":\"PropertyValueSpecification\",\"valueRequired\":true,\"valueName\":\"search_term_string\"}}],\"inLanguage\":\"pl-PL\"},{\"@type\":\"Organization\",\"@id\":\"https:\\\/\\\/duon.pl\\\/lepiejnagaz\\\/#organization\",\"name\":\"DUON\",\"alternateName\":\"DUON\",\"url\":\"https:\\\/\\\/duon.pl\\\/lepiejnagaz\\\/\",\"logo\":{\"@type\":\"ImageObject\",\"inLanguage\":\"pl-PL\",\"@id\":\"https:\\\/\\\/duon.pl\\\/lepiejnagaz\\\/#\\\/schema\\\/logo\\\/image\\\/\",\"url\":\"https:\\\/\\\/duon.pl\\\/lepiejnagaz\\\/wp-content\\\/uploads\\\/sites\\\/5\\\/2020\\\/12\\\/cropped-favicon.png\",\"contentUrl\":\"https:\\\/\\\/duon.pl\\\/lepiejnagaz\\\/wp-content\\\/uploads\\\/sites\\\/5\\\/2020\\\/12\\\/cropped-favicon.png\",\"width\":512,\"height\":512,\"caption\":\"DUON\"},\"image\":{\"@id\":\"https:\\\/\\\/duon.pl\\\/lepiejnagaz\\\/#\\\/schema\\\/logo\\\/image\\\/\"}},{\"@type\":\"Person\",\"@id\":\"https:\\\/\\\/duon.pl\\\/lepiejnagaz\\\/#\\\/schema\\\/person\\\/93eca5dabb4ab335fbbfca8b9b1270f3\",\"name\":\"m.trocha\",\"image\":{\"@type\":\"ImageObject\",\"inLanguage\":\"pl-PL\",\"@id\":\"https:\\\/\\\/secure.gravatar.com\\\/avatar\\\/167d61f8d8e4706b769d610a372dabb6c62f2a4335cd0c5c1c6a723dc98be427?s=96&d=mm&r=g\",\"url\":\"https:\\\/\\\/secure.gravatar.com\\\/avatar\\\/167d61f8d8e4706b769d610a372dabb6c62f2a4335cd0c5c1c6a723dc98be427?s=96&d=mm&r=g\",\"contentUrl\":\"https:\\\/\\\/secure.gravatar.com\\\/avatar\\\/167d61f8d8e4706b769d610a372dabb6c62f2a4335cd0c5c1c6a723dc98be427?s=96&d=mm&r=g\",\"caption\":\"m.trocha\"}}]}<\/script>\n<!-- \/ Yoast SEO plugin. -->","yoast_head_json":{"title":"Regulamin strony - #LepiejNaGaz","robots":{"index":"noindex","follow":"nofollow"},"og_locale":"pl_PL","og_type":"article","og_title":"Regulamin strony - #LepiejNaGaz","og_description":"[vc_section][vc_row][vc_column offset=&#8221;vc_col-lg-offset-1 vc_col-lg-10&#8243;][vc_column_text][Definicje] Serwis internetowy \u2013 nale\u017cy przez to rozumie\u0107 www.lepiejnagaz.pl. W\u0142a\u015bciciel \u2013 nale\u017cy przez to rozumie\u0107 podmiot b\u0119d\u0105cym prawnym w\u0142a\u015bcicielem strony internetowej. Operator \u2013 nale\u017cy przez to rozumie\u0107 podmiot administruj\u0105cy udost\u0119pnionymi us\u0142ugami na stronie internetowej. U\u017cytkownik \u2013 nale\u017cy przez to rozumie\u0107 osob\u0119 odwiedzaj\u0105c\u0105 serwis. Materia\u0142y\u00a0\u2013 nale\u017cy przez to rozumie\u0107 wszelkie tre\u015bci zamieszczone przez W\u0142a\u015bciciela [&hellip;]","og_url":"https:\/\/duon.pl\/lepiejnagaz\/rodo\/regulamin-strony\/","og_site_name":"#LepiejNaGaz","article_modified_time":"2025-02-13T06:48:22+00:00","twitter_card":"summary_large_image","twitter_misc":{"Est. reading time":"8 minutes"},"schema":{"@context":"https:\/\/schema.org","@graph":[{"@type":"Article","@id":"https:\/\/duon.pl\/lepiejnagaz\/rodo\/regulamin-strony\/#article","isPartOf":{"@id":"https:\/\/duon.pl\/lepiejnagaz\/rodo\/regulamin-strony\/"},"author":{"name":"m.trocha","@id":"https:\/\/duon.pl\/lepiejnagaz\/#\/schema\/person\/93eca5dabb4ab335fbbfca8b9b1270f3"},"headline":"Regulamin strony","datePublished":"2020-04-08T07:48:07+00:00","dateModified":"2025-02-13T06:48:22+00:00","mainEntityOfPage":{"@id":"https:\/\/duon.pl\/lepiejnagaz\/rodo\/regulamin-strony\/"},"wordCount":1511,"publisher":{"@id":"https:\/\/duon.pl\/lepiejnagaz\/#organization"},"inLanguage":"pl-PL"},{"@type":"WebPage","@id":"https:\/\/duon.pl\/lepiejnagaz\/rodo\/regulamin-strony\/","url":"https:\/\/duon.pl\/lepiejnagaz\/rodo\/regulamin-strony\/","name":"Regulamin strony - #LepiejNaGaz","isPartOf":{"@id":"https:\/\/duon.pl\/lepiejnagaz\/#website"},"datePublished":"2020-04-08T07:48:07+00:00","dateModified":"2025-02-13T06:48:22+00:00","breadcrumb":{"@id":"https:\/\/duon.pl\/lepiejnagaz\/rodo\/regulamin-strony\/#breadcrumb"},"inLanguage":"pl-PL","potentialAction":[{"@type":"ReadAction","target":["https:\/\/duon.pl\/lepiejnagaz\/rodo\/regulamin-strony\/"]}]},{"@type":"BreadcrumbList","@id":"https:\/\/duon.pl\/lepiejnagaz\/rodo\/regulamin-strony\/#breadcrumb","itemListElement":[{"@type":"ListItem","position":1,"name":"RODO","item":"https:\/\/duon.pl\/lepiejnagaz\/rodo\/"},{"@type":"ListItem","position":2,"name":"Regulamin strony"}]},{"@type":"WebSite","@id":"https:\/\/duon.pl\/lepiejnagaz\/#website","url":"https:\/\/duon.pl\/lepiejnagaz\/","name":"#LepiejNaGaz","description":"","publisher":{"@id":"https:\/\/duon.pl\/lepiejnagaz\/#organization"},"potentialAction":[{"@type":"SearchAction","target":{"@type":"EntryPoint","urlTemplate":"https:\/\/duon.pl\/lepiejnagaz\/?s={search_term_string}"},"query-input":{"@type":"PropertyValueSpecification","valueRequired":true,"valueName":"search_term_string"}}],"inLanguage":"pl-PL"},{"@type":"Organization","@id":"https:\/\/duon.pl\/lepiejnagaz\/#organization","name":"DUON","alternateName":"DUON","url":"https:\/\/duon.pl\/lepiejnagaz\/","logo":{"@type":"ImageObject","inLanguage":"pl-PL","@id":"https:\/\/duon.pl\/lepiejnagaz\/#\/schema\/logo\/image\/","url":"https:\/\/duon.pl\/lepiejnagaz\/wp-content\/uploads\/sites\/5\/2020\/12\/cropped-favicon.png","contentUrl":"https:\/\/duon.pl\/lepiejnagaz\/wp-content\/uploads\/sites\/5\/2020\/12\/cropped-favicon.png","width":512,"height":512,"caption":"DUON"},"image":{"@id":"https:\/\/duon.pl\/lepiejnagaz\/#\/schema\/logo\/image\/"}},{"@type":"Person","@id":"https:\/\/duon.pl\/lepiejnagaz\/#\/schema\/person\/93eca5dabb4ab335fbbfca8b9b1270f3","name":"m.trocha","image":{"@type":"ImageObject","inLanguage":"pl-PL","@id":"https:\/\/secure.gravatar.com\/avatar\/167d61f8d8e4706b769d610a372dabb6c62f2a4335cd0c5c1c6a723dc98be427?s=96&d=mm&r=g","url":"https:\/\/secure.gravatar.com\/avatar\/167d61f8d8e4706b769d610a372dabb6c62f2a4335cd0c5c1c6a723dc98be427?s=96&d=mm&r=g","contentUrl":"https:\/\/secure.gravatar.com\/avatar\/167d61f8d8e4706b769d610a372dabb6c62f2a4335cd0c5c1c6a723dc98be427?s=96&d=mm&r=g","caption":"m.trocha"}}]}},"acf":[],"_links":{"self":[{"href":"https:\/\/duon.pl\/lepiejnagaz\/wp-json\/wp\/v2\/pages\/144","targetHints":{"allow":["GET"]}}],"collection":[{"href":"https:\/\/duon.pl\/lepiejnagaz\/wp-json\/wp\/v2\/pages"}],"about":[{"href":"https:\/\/duon.pl\/lepiejnagaz\/wp-json\/wp\/v2\/types\/page"}],"author":[{"embeddable":true,"href":"https:\/\/duon.pl\/lepiejnagaz\/wp-json\/wp\/v2\/users\/1"}],"replies":[{"embeddable":true,"href":"https:\/\/duon.pl\/lepiejnagaz\/wp-json\/wp\/v2\/comments?post=144"}],"version-history":[{"count":2,"href":"https:\/\/duon.pl\/lepiejnagaz\/wp-json\/wp\/v2\/pages\/144\/revisions"}],"predecessor-version":[{"id":312,"href":"https:\/\/duon.pl\/lepiejnagaz\/wp-json\/wp\/v2\/pages\/144\/revisions\/312"}],"up":[{"embeddable":true,"href":"https:\/\/duon.pl\/lepiejnagaz\/wp-json\/wp\/v2\/pages\/88"}],"wp:attachment":[{"href":"https:\/\/duon.pl\/lepiejnagaz\/wp-json\/wp\/v2\/media?parent=144"}],"curies":[{"name":"wp","href":"https:\/\/api.w.org\/{rel}","templated":true}]}}