{"id":153,"date":"2020-04-30T11:13:51","date_gmt":"2020-04-30T09:13:51","guid":{"rendered":"https:\/\/lepiejnagaz.pl\/?page_id=153"},"modified":"2020-12-15T21:40:49","modified_gmt":"2020-12-15T20:40:49","slug":"informacja-jak-wniesc-wniosek-o-realizacje-prawa-przyslugujacego-na-mocy-przepisow-rodo","status":"publish","type":"page","link":"https:\/\/duon.pl\/lepiejnagaz\/informacja-jak-wniesc-wniosek-o-realizacje-prawa-przyslugujacego-na-mocy-przepisow-rodo\/","title":{"rendered":"Informacja jak wnie\u015b\u0107 wniosek o realizacj\u0119 prawa przys\u0142uguj\u0105cego na mocy przepis\u00f3w RODO"},"content":{"rendered":"<div class=\"wpb-content-wrapper\"><p>[vc_section][vc_row][vc_column offset=&#8221;vc_col-lg-offset-1 vc_col-lg-10&#8243;][vc_column_text]Zasady sk\u0142adania wniosk\u00f3w:<\/p>\n<ol>\n<li>Mo\u017cesz z\u0142o\u017cy\u0107 wniosek w ka\u017cdej chwili w formie:<\/li>\n<\/ol>\n<ul>\n<li>pisemnej na adres: DUON Dystrybucja Sp. z o. o. w Wysogotowie, (62-081 Prze\u017amierowo) ul. Serdeczna 8 (z dopiskiem ochrona danych osobowych);<\/li>\n<li>drog\u0105 e-mailow\u0105 na adres: <a href=\"mailto:odo@gge.com.pl\">odo@gge.com.pl<\/a><\/li>\n<\/ul>\n<ol start=\"2\">\n<li>Wniosek mo\u017ce by\u0107 z\u0142o\u017cony osobi\u015bcie lub za po\u015brednictwem pe\u0142nomocnika (np. cz\u0142onka rodziny). Ze wzgl\u0119du na bezpiecze\u0144stwo danych zach\u0119camy do pos\u0142ugiwania si\u0119 pe\u0142nomocnictwem w formie po\u015bwiadczonej przez notariusza lub upowa\u017cnionego radc\u0119 prawnego b\u0105d\u017a adwokata, co istotnie przyspieszy weryfikacj\u0119 autentyczno\u015bci z\u0142o\u017conego wniosku.<\/li>\n<li>Wniosek powinien zawiera\u0107 dane osoby zg\u0142aszaj\u0105cej, dane teleadresowe oraz szczeg\u00f3\u0142y \u017c\u0105dania (np. okre\u015blenie z jakiego prawa chcesz skorzysta\u0107).<\/li>\n<li>Wniosek rozpatrywany jest:<\/li>\n<\/ol>\n<ul>\n<li>w ci\u0105gu 30 dni, licz\u0105c od dnia jego otrzymania,<\/li>\n<li>w przypadku, gdy \u017c\u0105danie lub liczba \u017c\u0105da\u0144 ma skomplikowany charakter, termin udzielenia odpowiedzi mo\u017cemy wyd\u0142u\u017cy\u0107 o kolejne dwa miesi\u0105ce, o czym poinformujemy wnioskuj\u0105cego,<\/li>\n<li>w przypadku niepodj\u0119cia dzia\u0142a\u0144 w zwi\u0105zku z wnioskiem, poinformujemy niezw\u0142ocznie \u2013 najp\u00f3\u017aniej w przeci\u0105gu miesi\u0105ca od otrzymania wniosku, listownie o powodach niepodj\u0119cia dzia\u0142a\u0144 oraz mo\u017cliwo\u015bci wniesienia skargi do organu nadzorczego oraz skorzystania ze \u015brodk\u00f3w ochrony prawnej przed s\u0105dem.<\/li>\n<\/ul>\n<ol start=\"5\">\n<li>Bieg terminu rozpatrywania wniosku rozpoczyna si\u0119 od dnia jego otrzymania.<\/li>\n<li>Odpowiedzi udzielamy za po\u015brednictwem poczty tradycyjnej, chyba, \u017ce wniosek zosta\u0142 z\u0142o\u017cony drog\u0105 e-mailow\u0105 lub za\u017c\u0105dano we wniosku przekazania odpowiedzi w formie elektronicznej.<\/li>\n<li>W sytuacji gdy uznamy, \u017ce nie jeste\u015bmy w stanie zidentyfikowa\u0107 Ciebie jako osoby sk\u0142adaj\u0105cej wniosek na podstawie dokonanego zg\u0142oszenia, mo\u017cemy zwr\u00f3ci\u0107 si\u0119 z pro\u015bb\u0105 o dodatkowe informacje, kt\u00f3re nam to umo\u017cliwi\u0105.<\/li>\n<li>Zasady pobierania op\u0142at\n<ul>\n<li style=\"list-style-type: none;\">\n<ul>\n<li>Post\u0119powanie w sprawie sk\u0142adanych wniosk\u00f3w, co do zasady jest nieodp\u0142atne.<\/li>\n<li>Jednak\u017ce, je\u015bli wyka\u017cemy, \u017ce Twoje \u017c\u0105danie jest ewidentnie nieuzasadnione lub nadmierne w szczeg\u00f3lno\u015bci ze wzgl\u0119du na sw\u00f3j ustawiczny charakter, mo\u017cemy:<\/li>\n<\/ul>\n<\/li>\n<\/ul>\n<p>&#8211; naliczy\u0107 op\u0142at\u0119 do wysoko\u015bci kosztu udzielenia odpowiedzi lub<br \/>\n&#8211; odm\u00f3wi\u0107 podj\u0119cia dzia\u0142a\u0144 w zwi\u0105zku z wniesionym \u017c\u0105daniem.<\/li>\n<li>W razie kwestionowania decyzji o na\u0142o\u017ceniu op\u0142aty Masz prawo do z\u0142o\u017cenia skargi do Prezesa Urz\u0119du Ochrony Danych Osobowych.<\/li>\n<\/ol>\n<p>[\/vc_column_text][\/vc_column][\/vc_row][\/vc_section]<\/p>\n<\/div>","protected":false},"excerpt":{"rendered":"<p>[vc_section][vc_row][vc_column offset=&#8221;vc_col-lg-offset-1 vc_col-lg-10&#8243;][vc_column_text]Zasady sk\u0142adania wniosk\u00f3w: Mo\u017cesz z\u0142o\u017cy\u0107 wniosek w ka\u017cdej chwili w formie: pisemnej na adres: DUON Dystrybucja Sp. z o. o. w Wysogotowie, (62-081 Prze\u017amierowo) ul. Serdeczna 8 (z dopiskiem ochrona danych osobowych); drog\u0105 e-mailow\u0105 na adres: odo@gge.com.pl Wniosek mo\u017ce by\u0107 z\u0142o\u017cony osobi\u015bcie lub za po\u015brednictwem pe\u0142nomocnika (np. cz\u0142onka rodziny). Ze wzgl\u0119du na bezpiecze\u0144stwo [&hellip;]<\/p>\n","protected":false},"author":1,"featured_media":0,"parent":0,"menu_order":0,"comment_status":"closed","ping_status":"closed","template":"tpl-text-page.php","meta":{"_acf_changed":false,"footnotes":""},"class_list":["post-153","page","type-page","status-publish","hentry"],"yoast_head":"<!-- This site is optimized with the Yoast SEO plugin v27.3 - https:\/\/yoast.com\/product\/yoast-seo-wordpress\/ -->\n<title>Informacja jak wnie\u015b\u0107 wniosek o realizacj\u0119 prawa przys\u0142uguj\u0105cego na mocy przepis\u00f3w RODO - #LepiejNaGaz<\/title>\n<meta name=\"robots\" content=\"index, follow, max-snippet:-1, max-image-preview:large, max-video-preview:-1\" \/>\n<link rel=\"canonical\" href=\"https:\/\/duon.pl\/lepiejnagaz\/informacja-jak-wniesc-wniosek-o-realizacje-prawa-przyslugujacego-na-mocy-przepisow-rodo\/\" \/>\n<meta property=\"og:locale\" content=\"pl_PL\" \/>\n<meta property=\"og:type\" content=\"article\" \/>\n<meta property=\"og:title\" content=\"Informacja jak wnie\u015b\u0107 wniosek o realizacj\u0119 prawa przys\u0142uguj\u0105cego na mocy przepis\u00f3w RODO - #LepiejNaGaz\" \/>\n<meta property=\"og:description\" content=\"[vc_section][vc_row][vc_column offset=&#8221;vc_col-lg-offset-1 vc_col-lg-10&#8243;][vc_column_text]Zasady sk\u0142adania wniosk\u00f3w: Mo\u017cesz z\u0142o\u017cy\u0107 wniosek w ka\u017cdej chwili w formie: pisemnej na adres: DUON Dystrybucja Sp. z o. o. w Wysogotowie, (62-081 Prze\u017amierowo) ul. Serdeczna 8 (z dopiskiem ochrona danych osobowych); drog\u0105 e-mailow\u0105 na adres: odo@gge.com.pl Wniosek mo\u017ce by\u0107 z\u0142o\u017cony osobi\u015bcie lub za po\u015brednictwem pe\u0142nomocnika (np. cz\u0142onka rodziny). Ze wzgl\u0119du na bezpiecze\u0144stwo [&hellip;]\" \/>\n<meta property=\"og:url\" content=\"https:\/\/duon.pl\/lepiejnagaz\/informacja-jak-wniesc-wniosek-o-realizacje-prawa-przyslugujacego-na-mocy-przepisow-rodo\/\" \/>\n<meta property=\"og:site_name\" content=\"#LepiejNaGaz\" \/>\n<meta property=\"article:modified_time\" content=\"2020-12-15T20:40:49+00:00\" \/>\n<meta name=\"twitter:card\" content=\"summary_large_image\" \/>\n<meta name=\"twitter:label1\" content=\"Est. reading time\" \/>\n\t<meta name=\"twitter:data1\" content=\"2 minutes\" \/>\n<script type=\"application\/ld+json\" class=\"yoast-schema-graph\">{\"@context\":\"https:\\\/\\\/schema.org\",\"@graph\":[{\"@type\":\"Article\",\"@id\":\"https:\\\/\\\/duon.pl\\\/lepiejnagaz\\\/informacja-jak-wniesc-wniosek-o-realizacje-prawa-przyslugujacego-na-mocy-przepisow-rodo\\\/#article\",\"isPartOf\":{\"@id\":\"https:\\\/\\\/duon.pl\\\/lepiejnagaz\\\/informacja-jak-wniesc-wniosek-o-realizacje-prawa-przyslugujacego-na-mocy-przepisow-rodo\\\/\"},\"author\":{\"name\":\"m.trocha\",\"@id\":\"https:\\\/\\\/duon.pl\\\/lepiejnagaz\\\/#\\\/schema\\\/person\\\/93eca5dabb4ab335fbbfca8b9b1270f3\"},\"headline\":\"Informacja jak wnie\u015b\u0107 wniosek o realizacj\u0119 prawa przys\u0142uguj\u0105cego na mocy przepis\u00f3w RODO\",\"datePublished\":\"2020-04-30T09:13:51+00:00\",\"dateModified\":\"2020-12-15T20:40:49+00:00\",\"mainEntityOfPage\":{\"@id\":\"https:\\\/\\\/duon.pl\\\/lepiejnagaz\\\/informacja-jak-wniesc-wniosek-o-realizacje-prawa-przyslugujacego-na-mocy-przepisow-rodo\\\/\"},\"wordCount\":425,\"publisher\":{\"@id\":\"https:\\\/\\\/duon.pl\\\/lepiejnagaz\\\/#organization\"},\"inLanguage\":\"pl-PL\"},{\"@type\":\"WebPage\",\"@id\":\"https:\\\/\\\/duon.pl\\\/lepiejnagaz\\\/informacja-jak-wniesc-wniosek-o-realizacje-prawa-przyslugujacego-na-mocy-przepisow-rodo\\\/\",\"url\":\"https:\\\/\\\/duon.pl\\\/lepiejnagaz\\\/informacja-jak-wniesc-wniosek-o-realizacje-prawa-przyslugujacego-na-mocy-przepisow-rodo\\\/\",\"name\":\"Informacja jak wnie\u015b\u0107 wniosek o realizacj\u0119 prawa przys\u0142uguj\u0105cego na mocy przepis\u00f3w RODO - #LepiejNaGaz\",\"isPartOf\":{\"@id\":\"https:\\\/\\\/duon.pl\\\/lepiejnagaz\\\/#website\"},\"datePublished\":\"2020-04-30T09:13:51+00:00\",\"dateModified\":\"2020-12-15T20:40:49+00:00\",\"inLanguage\":\"pl-PL\",\"potentialAction\":[{\"@type\":\"ReadAction\",\"target\":[\"https:\\\/\\\/duon.pl\\\/lepiejnagaz\\\/informacja-jak-wniesc-wniosek-o-realizacje-prawa-przyslugujacego-na-mocy-przepisow-rodo\\\/\"]}]},{\"@type\":\"WebSite\",\"@id\":\"https:\\\/\\\/duon.pl\\\/lepiejnagaz\\\/#website\",\"url\":\"https:\\\/\\\/duon.pl\\\/lepiejnagaz\\\/\",\"name\":\"#LepiejNaGaz\",\"description\":\"\",\"publisher\":{\"@id\":\"https:\\\/\\\/duon.pl\\\/lepiejnagaz\\\/#organization\"},\"potentialAction\":[{\"@type\":\"SearchAction\",\"target\":{\"@type\":\"EntryPoint\",\"urlTemplate\":\"https:\\\/\\\/duon.pl\\\/lepiejnagaz\\\/?s={search_term_string}\"},\"query-input\":{\"@type\":\"PropertyValueSpecification\",\"valueRequired\":true,\"valueName\":\"search_term_string\"}}],\"inLanguage\":\"pl-PL\"},{\"@type\":\"Organization\",\"@id\":\"https:\\\/\\\/duon.pl\\\/lepiejnagaz\\\/#organization\",\"name\":\"DUON\",\"alternateName\":\"DUON\",\"url\":\"https:\\\/\\\/duon.pl\\\/lepiejnagaz\\\/\",\"logo\":{\"@type\":\"ImageObject\",\"inLanguage\":\"pl-PL\",\"@id\":\"https:\\\/\\\/duon.pl\\\/lepiejnagaz\\\/#\\\/schema\\\/logo\\\/image\\\/\",\"url\":\"https:\\\/\\\/duon.pl\\\/lepiejnagaz\\\/wp-content\\\/uploads\\\/sites\\\/5\\\/2020\\\/12\\\/cropped-favicon.png\",\"contentUrl\":\"https:\\\/\\\/duon.pl\\\/lepiejnagaz\\\/wp-content\\\/uploads\\\/sites\\\/5\\\/2020\\\/12\\\/cropped-favicon.png\",\"width\":512,\"height\":512,\"caption\":\"DUON\"},\"image\":{\"@id\":\"https:\\\/\\\/duon.pl\\\/lepiejnagaz\\\/#\\\/schema\\\/logo\\\/image\\\/\"}},{\"@type\":\"Person\",\"@id\":\"https:\\\/\\\/duon.pl\\\/lepiejnagaz\\\/#\\\/schema\\\/person\\\/93eca5dabb4ab335fbbfca8b9b1270f3\",\"name\":\"m.trocha\",\"image\":{\"@type\":\"ImageObject\",\"inLanguage\":\"pl-PL\",\"@id\":\"https:\\\/\\\/secure.gravatar.com\\\/avatar\\\/167d61f8d8e4706b769d610a372dabb6c62f2a4335cd0c5c1c6a723dc98be427?s=96&d=mm&r=g\",\"url\":\"https:\\\/\\\/secure.gravatar.com\\\/avatar\\\/167d61f8d8e4706b769d610a372dabb6c62f2a4335cd0c5c1c6a723dc98be427?s=96&d=mm&r=g\",\"contentUrl\":\"https:\\\/\\\/secure.gravatar.com\\\/avatar\\\/167d61f8d8e4706b769d610a372dabb6c62f2a4335cd0c5c1c6a723dc98be427?s=96&d=mm&r=g\",\"caption\":\"m.trocha\"}}]}<\/script>\n<!-- \/ Yoast SEO plugin. -->","yoast_head_json":{"title":"Informacja jak wnie\u015b\u0107 wniosek o realizacj\u0119 prawa przys\u0142uguj\u0105cego na mocy przepis\u00f3w RODO - #LepiejNaGaz","robots":{"index":"index","follow":"follow","max-snippet":"max-snippet:-1","max-image-preview":"max-image-preview:large","max-video-preview":"max-video-preview:-1"},"canonical":"https:\/\/duon.pl\/lepiejnagaz\/informacja-jak-wniesc-wniosek-o-realizacje-prawa-przyslugujacego-na-mocy-przepisow-rodo\/","og_locale":"pl_PL","og_type":"article","og_title":"Informacja jak wnie\u015b\u0107 wniosek o realizacj\u0119 prawa przys\u0142uguj\u0105cego na mocy przepis\u00f3w RODO - #LepiejNaGaz","og_description":"[vc_section][vc_row][vc_column offset=&#8221;vc_col-lg-offset-1 vc_col-lg-10&#8243;][vc_column_text]Zasady sk\u0142adania wniosk\u00f3w: Mo\u017cesz z\u0142o\u017cy\u0107 wniosek w ka\u017cdej chwili w formie: pisemnej na adres: DUON Dystrybucja Sp. z o. o. w Wysogotowie, (62-081 Prze\u017amierowo) ul. Serdeczna 8 (z dopiskiem ochrona danych osobowych); drog\u0105 e-mailow\u0105 na adres: odo@gge.com.pl Wniosek mo\u017ce by\u0107 z\u0142o\u017cony osobi\u015bcie lub za po\u015brednictwem pe\u0142nomocnika (np. cz\u0142onka rodziny). Ze wzgl\u0119du na bezpiecze\u0144stwo [&hellip;]","og_url":"https:\/\/duon.pl\/lepiejnagaz\/informacja-jak-wniesc-wniosek-o-realizacje-prawa-przyslugujacego-na-mocy-przepisow-rodo\/","og_site_name":"#LepiejNaGaz","article_modified_time":"2020-12-15T20:40:49+00:00","twitter_card":"summary_large_image","twitter_misc":{"Est. reading time":"2 minutes"},"schema":{"@context":"https:\/\/schema.org","@graph":[{"@type":"Article","@id":"https:\/\/duon.pl\/lepiejnagaz\/informacja-jak-wniesc-wniosek-o-realizacje-prawa-przyslugujacego-na-mocy-przepisow-rodo\/#article","isPartOf":{"@id":"https:\/\/duon.pl\/lepiejnagaz\/informacja-jak-wniesc-wniosek-o-realizacje-prawa-przyslugujacego-na-mocy-przepisow-rodo\/"},"author":{"name":"m.trocha","@id":"https:\/\/duon.pl\/lepiejnagaz\/#\/schema\/person\/93eca5dabb4ab335fbbfca8b9b1270f3"},"headline":"Informacja jak wnie\u015b\u0107 wniosek o realizacj\u0119 prawa przys\u0142uguj\u0105cego na mocy przepis\u00f3w RODO","datePublished":"2020-04-30T09:13:51+00:00","dateModified":"2020-12-15T20:40:49+00:00","mainEntityOfPage":{"@id":"https:\/\/duon.pl\/lepiejnagaz\/informacja-jak-wniesc-wniosek-o-realizacje-prawa-przyslugujacego-na-mocy-przepisow-rodo\/"},"wordCount":425,"publisher":{"@id":"https:\/\/duon.pl\/lepiejnagaz\/#organization"},"inLanguage":"pl-PL"},{"@type":"WebPage","@id":"https:\/\/duon.pl\/lepiejnagaz\/informacja-jak-wniesc-wniosek-o-realizacje-prawa-przyslugujacego-na-mocy-przepisow-rodo\/","url":"https:\/\/duon.pl\/lepiejnagaz\/informacja-jak-wniesc-wniosek-o-realizacje-prawa-przyslugujacego-na-mocy-przepisow-rodo\/","name":"Informacja jak wnie\u015b\u0107 wniosek o realizacj\u0119 prawa przys\u0142uguj\u0105cego na mocy przepis\u00f3w RODO - #LepiejNaGaz","isPartOf":{"@id":"https:\/\/duon.pl\/lepiejnagaz\/#website"},"datePublished":"2020-04-30T09:13:51+00:00","dateModified":"2020-12-15T20:40:49+00:00","inLanguage":"pl-PL","potentialAction":[{"@type":"ReadAction","target":["https:\/\/duon.pl\/lepiejnagaz\/informacja-jak-wniesc-wniosek-o-realizacje-prawa-przyslugujacego-na-mocy-przepisow-rodo\/"]}]},{"@type":"WebSite","@id":"https:\/\/duon.pl\/lepiejnagaz\/#website","url":"https:\/\/duon.pl\/lepiejnagaz\/","name":"#LepiejNaGaz","description":"","publisher":{"@id":"https:\/\/duon.pl\/lepiejnagaz\/#organization"},"potentialAction":[{"@type":"SearchAction","target":{"@type":"EntryPoint","urlTemplate":"https:\/\/duon.pl\/lepiejnagaz\/?s={search_term_string}"},"query-input":{"@type":"PropertyValueSpecification","valueRequired":true,"valueName":"search_term_string"}}],"inLanguage":"pl-PL"},{"@type":"Organization","@id":"https:\/\/duon.pl\/lepiejnagaz\/#organization","name":"DUON","alternateName":"DUON","url":"https:\/\/duon.pl\/lepiejnagaz\/","logo":{"@type":"ImageObject","inLanguage":"pl-PL","@id":"https:\/\/duon.pl\/lepiejnagaz\/#\/schema\/logo\/image\/","url":"https:\/\/duon.pl\/lepiejnagaz\/wp-content\/uploads\/sites\/5\/2020\/12\/cropped-favicon.png","contentUrl":"https:\/\/duon.pl\/lepiejnagaz\/wp-content\/uploads\/sites\/5\/2020\/12\/cropped-favicon.png","width":512,"height":512,"caption":"DUON"},"image":{"@id":"https:\/\/duon.pl\/lepiejnagaz\/#\/schema\/logo\/image\/"}},{"@type":"Person","@id":"https:\/\/duon.pl\/lepiejnagaz\/#\/schema\/person\/93eca5dabb4ab335fbbfca8b9b1270f3","name":"m.trocha","image":{"@type":"ImageObject","inLanguage":"pl-PL","@id":"https:\/\/secure.gravatar.com\/avatar\/167d61f8d8e4706b769d610a372dabb6c62f2a4335cd0c5c1c6a723dc98be427?s=96&d=mm&r=g","url":"https:\/\/secure.gravatar.com\/avatar\/167d61f8d8e4706b769d610a372dabb6c62f2a4335cd0c5c1c6a723dc98be427?s=96&d=mm&r=g","contentUrl":"https:\/\/secure.gravatar.com\/avatar\/167d61f8d8e4706b769d610a372dabb6c62f2a4335cd0c5c1c6a723dc98be427?s=96&d=mm&r=g","caption":"m.trocha"}}]}},"acf":[],"_links":{"self":[{"href":"https:\/\/duon.pl\/lepiejnagaz\/wp-json\/wp\/v2\/pages\/153","targetHints":{"allow":["GET"]}}],"collection":[{"href":"https:\/\/duon.pl\/lepiejnagaz\/wp-json\/wp\/v2\/pages"}],"about":[{"href":"https:\/\/duon.pl\/lepiejnagaz\/wp-json\/wp\/v2\/types\/page"}],"author":[{"embeddable":true,"href":"https:\/\/duon.pl\/lepiejnagaz\/wp-json\/wp\/v2\/users\/1"}],"replies":[{"embeddable":true,"href":"https:\/\/duon.pl\/lepiejnagaz\/wp-json\/wp\/v2\/comments?post=153"}],"version-history":[{"count":3,"href":"https:\/\/duon.pl\/lepiejnagaz\/wp-json\/wp\/v2\/pages\/153\/revisions"}],"predecessor-version":[{"id":285,"href":"https:\/\/duon.pl\/lepiejnagaz\/wp-json\/wp\/v2\/pages\/153\/revisions\/285"}],"wp:attachment":[{"href":"https:\/\/duon.pl\/lepiejnagaz\/wp-json\/wp\/v2\/media?parent=153"}],"curies":[{"name":"wp","href":"https:\/\/api.w.org\/{rel}","templated":true}]}}