{"id":216,"date":"2020-12-14T12:49:11","date_gmt":"2020-12-14T11:49:11","guid":{"rendered":"https:\/\/duon.pl\/lepiejnagaz\/\/?page_id=216"},"modified":"2021-04-28T14:40:53","modified_gmt":"2021-04-28T12:40:53","slug":"abc-gazu-ziemnego","status":"publish","type":"page","link":"https:\/\/duon.pl\/lepiejnagaz\/abc-gazu-ziemnego\/","title":{"rendered":"ABC gazu ziemnego"},"content":{"rendered":"<div class=\"wpb-content-wrapper\"><p>[vc_section][vc_row][vc_column]\n            <div class=\"row\">\n                            <div class=\"col-12 col-lg-4\">\n                    <article class=\"article\">\n                        <a href=\"https:\/\/duon.pl\/lepiejnagaz\/7-najwazniejszych-zalet-gazu-ziemnego\/\" role=\"img\" alt=\"zalety-gazu-ziemnego\" class=\"article__image\" style=\"display:block; background-image: url('https:\/\/duon.pl\/lepiejnagaz\/wp-content\/uploads\/sites\/5\/2020\/06\/gaz_sieciowy-scaled.jpeg') \">\n                        <\/a>\n                        <div class=\"article__body\">\n                            <div class=\"article__text match-height\">\n                                <a href=\"https:\/\/duon.pl\/lepiejnagaz\/7-najwazniejszych-zalet-gazu-ziemnego\/\" data-category=\"9\" class=\"category-click article__hdl-link\">\n                                    <h4 class=\"article__hdl\">7 najwa\u017cniejszych zalet gazu ziemnego<\/h4>\n                                <\/a>\n                                <div class=\"article__date\">\n                                    <div class=\"row align-items-center\">\n                                        <div class=\"col-auto text-nowrap\"><time datetime=\"2020-06-02\">2. Czerwiec 2020<\/time><\/div>\n                                        <div class=\"col text-right\">\n                                            <div class=\"article__reading-time article__reading-time--category\">Ten tekst przeczytasz w&nbsp;2&nbsp;minuty<\/div>\n                                        <\/div>\n                                    <\/div>\n                                <\/div>\n                                <div class=\"article__perex\">\n                                    <p> Komfort u\u017cytkowania, bezpiecze\u0144stwo, realne oszcz\u0119dno\u015bci. Gaz ziemny jest aktualnie najlepszym dost\u0119pnym paliwem do u\u017cytku domowego z wielu powod\u00f3w.  <\/p>\n                                <\/div>\n                            <\/div>\n                            <div class=\"article__btn\">\n                                <a href=\"https:\/\/duon.pl\/lepiejnagaz\/7-najwazniejszych-zalet-gazu-ziemnego\/\" data-category=\"9\" class=\"category-click btn btn--primary btn--xs btn--arrow-right\">Czytaj dalej<\/a>\n                            <\/div>\n                        <\/div>\n                    <\/article>\n                <\/div>\n                            <div class=\"col-12 col-lg-4\">\n                    <article class=\"article\">\n                        <a href=\"https:\/\/duon.pl\/lepiejnagaz\/jak-wlasciwie-uzytkowac-instalacje-gazowa\/\" role=\"img\" alt=\"uzytkowanie-instalacji-gazowej\" class=\"article__image\" style=\"display:block; background-image: url('https:\/\/duon.pl\/lepiejnagaz\/wp-content\/uploads\/sites\/5\/2020\/02\/uzytkowanie-instalacji-gazowej.jpg') \">\n                        <\/a>\n                        <div class=\"article__body\">\n                            <div class=\"article__text match-height\">\n                                <a href=\"https:\/\/duon.pl\/lepiejnagaz\/jak-wlasciwie-uzytkowac-instalacje-gazowa\/\" data-category=\"9\" class=\"category-click article__hdl-link\">\n                                    <h4 class=\"article__hdl\">Jak w\u0142a\u015bciwie u\u017cytkowa\u0107 instalacj\u0119 gazow\u0105?<\/h4>\n                                <\/a>\n                                <div class=\"article__date\">\n                                    <div class=\"row align-items-center\">\n                                        <div class=\"col-auto text-nowrap\"><time datetime=\"2020-02-04\">4. Luty 2020<\/time><\/div>\n                                        <div class=\"col text-right\">\n                                            <div class=\"article__reading-time article__reading-time--category\">Ten tekst przeczytasz w&nbsp;2&nbsp;minuty<\/div>\n                                        <\/div>\n                                    <\/div>\n                                <\/div>\n                                <div class=\"article__perex\">\n                                    <p> Wed\u0142ug G\u0142\u00f3wnego Inspektora Nadzoru Budowlanego w 2018 roku wydarzy\u0142o si\u0119 w Polsce do 249 katastrof budowlanych, w tym 19 z nich spowodowa\u0142 wybuch instalacji gazowej.  <\/p>\n                                <\/div>\n                            <\/div>\n                            <div class=\"article__btn\">\n                                <a href=\"https:\/\/duon.pl\/lepiejnagaz\/jak-wlasciwie-uzytkowac-instalacje-gazowa\/\" data-category=\"9\" class=\"category-click btn btn--primary btn--xs btn--arrow-right\">Czytaj dalej<\/a>\n                            <\/div>\n                        <\/div>\n                    <\/article>\n                <\/div>\n                            <div class=\"col-12 col-lg-4\">\n                    <article class=\"article\">\n                        <a href=\"https:\/\/duon.pl\/lepiejnagaz\/historia-gazu-lng\/\" role=\"img\" alt=\"gaz-lng-historia\" class=\"article__image\" style=\"display:block; background-image: url('https:\/\/duon.pl\/lepiejnagaz\/wp-content\/uploads\/sites\/5\/2019\/10\/gaz-lng-historia.jpg') \">\n                        <\/a>\n                        <div class=\"article__body\">\n                            <div class=\"article__text match-height\">\n                                <a href=\"https:\/\/duon.pl\/lepiejnagaz\/historia-gazu-lng\/\" data-category=\"9\" class=\"category-click article__hdl-link\">\n                                    <h4 class=\"article__hdl\">Historia gazu LNG<\/h4>\n                                <\/a>\n                                <div class=\"article__date\">\n                                    <div class=\"row align-items-center\">\n                                        <div class=\"col-auto text-nowrap\"><time datetime=\"2019-10-25\">25. Pa\u017adziernik 2019<\/time><\/div>\n                                        <div class=\"col text-right\">\n                                            <div class=\"article__reading-time article__reading-time--category\">Ten tekst przeczytasz w&nbsp;2&nbsp;minuty<\/div>\n                                        <\/div>\n                                    <\/div>\n                                <\/div>\n                                <div class=\"article__perex\">\n                                    <p> Faraday, Wr\u00f3blewski, Olszewski czy Linde to nazwiska, bez kt\u00f3rych dzi\u015b prawdopodobnie nie mogliby\u015bmy m\u00f3wi\u0107 o sukcesie i rozwoju LNG <\/p>\n                                <\/div>\n                            <\/div>\n                            <div class=\"article__btn\">\n                                <a href=\"https:\/\/duon.pl\/lepiejnagaz\/historia-gazu-lng\/\" data-category=\"9\" class=\"category-click btn btn--primary btn--xs btn--arrow-right\">Czytaj dalej<\/a>\n                            <\/div>\n                        <\/div>\n                    <\/article>\n                <\/div>\n                    <\/div>\n    \n[\/vc_column][\/vc_row][\/vc_section]<\/p>\n<\/div>","protected":false},"excerpt":{"rendered":"<p>[vc_section][vc_row][vc_column][\/vc_column][\/vc_row][\/vc_section]<\/p>\n","protected":false},"author":1,"featured_media":0,"parent":0,"menu_order":0,"comment_status":"closed","ping_status":"closed","template":"tpl-category-page.php","meta":{"_acf_changed":false,"footnotes":""},"class_list":["post-216","page","type-page","status-publish","hentry"],"yoast_head":"<!-- This site is optimized with the Yoast SEO plugin v27.3 - https:\/\/yoast.com\/product\/yoast-seo-wordpress\/ -->\n<title>Gaz ziemny LNG \u2013 najwa\u017cniejsze informacje - #LepiejNaGaz<\/title>\n<meta name=\"description\" content=\"ABC gazu ziemnego \u2013 historia, zalety LNG, zastosowanie w przemy\u015ble. Jak by\u0107 efektywnym i zminimalizowa\u0107 koszty?\" \/>\n<meta name=\"robots\" content=\"index, follow, max-snippet:-1, max-image-preview:large, max-video-preview:-1\" \/>\n<link rel=\"canonical\" href=\"https:\/\/duon.pl\/lepiejnagaz\/abc-gazu-ziemnego\/\" \/>\n<meta property=\"og:locale\" content=\"pl_PL\" \/>\n<meta property=\"og:type\" content=\"article\" \/>\n<meta property=\"og:title\" content=\"Gaz ziemny LNG \u2013 najwa\u017cniejsze informacje - #LepiejNaGaz\" \/>\n<meta property=\"og:description\" content=\"ABC gazu ziemnego \u2013 historia, zalety LNG, zastosowanie w przemy\u015ble. Jak by\u0107 efektywnym i zminimalizowa\u0107 koszty?\" \/>\n<meta property=\"og:url\" content=\"https:\/\/duon.pl\/lepiejnagaz\/abc-gazu-ziemnego\/\" \/>\n<meta property=\"og:site_name\" content=\"#LepiejNaGaz\" \/>\n<meta property=\"article:modified_time\" content=\"2021-04-28T12:40:53+00:00\" \/>\n<meta name=\"twitter:card\" content=\"summary_large_image\" \/>\n<script type=\"application\/ld+json\" class=\"yoast-schema-graph\">{\"@context\":\"https:\\\/\\\/schema.org\",\"@graph\":[{\"@type\":\"Article\",\"@id\":\"https:\\\/\\\/duon.pl\\\/lepiejnagaz\\\/abc-gazu-ziemnego\\\/#article\",\"isPartOf\":{\"@id\":\"https:\\\/\\\/duon.pl\\\/lepiejnagaz\\\/abc-gazu-ziemnego\\\/\"},\"author\":{\"name\":\"m.trocha\",\"@id\":\"https:\\\/\\\/duon.pl\\\/lepiejnagaz\\\/#\\\/schema\\\/person\\\/93eca5dabb4ab335fbbfca8b9b1270f3\"},\"headline\":\"ABC gazu ziemnego\",\"datePublished\":\"2020-12-14T11:49:11+00:00\",\"dateModified\":\"2021-04-28T12:40:53+00:00\",\"mainEntityOfPage\":{\"@id\":\"https:\\\/\\\/duon.pl\\\/lepiejnagaz\\\/abc-gazu-ziemnego\\\/\"},\"wordCount\":20,\"publisher\":{\"@id\":\"https:\\\/\\\/duon.pl\\\/lepiejnagaz\\\/#organization\"},\"inLanguage\":\"pl-PL\"},{\"@type\":\"WebPage\",\"@id\":\"https:\\\/\\\/duon.pl\\\/lepiejnagaz\\\/abc-gazu-ziemnego\\\/\",\"url\":\"https:\\\/\\\/duon.pl\\\/lepiejnagaz\\\/abc-gazu-ziemnego\\\/\",\"name\":\"Gaz ziemny LNG \u2013 najwa\u017cniejsze informacje - #LepiejNaGaz\",\"isPartOf\":{\"@id\":\"https:\\\/\\\/duon.pl\\\/lepiejnagaz\\\/#website\"},\"datePublished\":\"2020-12-14T11:49:11+00:00\",\"dateModified\":\"2021-04-28T12:40:53+00:00\",\"description\":\"ABC gazu ziemnego \u2013 historia, zalety LNG, zastosowanie w przemy\u015ble. Jak by\u0107 efektywnym i zminimalizowa\u0107 koszty?\",\"inLanguage\":\"pl-PL\",\"potentialAction\":[{\"@type\":\"ReadAction\",\"target\":[\"https:\\\/\\\/duon.pl\\\/lepiejnagaz\\\/abc-gazu-ziemnego\\\/\"]}]},{\"@type\":\"WebSite\",\"@id\":\"https:\\\/\\\/duon.pl\\\/lepiejnagaz\\\/#website\",\"url\":\"https:\\\/\\\/duon.pl\\\/lepiejnagaz\\\/\",\"name\":\"#LepiejNaGaz\",\"description\":\"\",\"publisher\":{\"@id\":\"https:\\\/\\\/duon.pl\\\/lepiejnagaz\\\/#organization\"},\"potentialAction\":[{\"@type\":\"SearchAction\",\"target\":{\"@type\":\"EntryPoint\",\"urlTemplate\":\"https:\\\/\\\/duon.pl\\\/lepiejnagaz\\\/?s={search_term_string}\"},\"query-input\":{\"@type\":\"PropertyValueSpecification\",\"valueRequired\":true,\"valueName\":\"search_term_string\"}}],\"inLanguage\":\"pl-PL\"},{\"@type\":\"Organization\",\"@id\":\"https:\\\/\\\/duon.pl\\\/lepiejnagaz\\\/#organization\",\"name\":\"DUON\",\"alternateName\":\"DUON\",\"url\":\"https:\\\/\\\/duon.pl\\\/lepiejnagaz\\\/\",\"logo\":{\"@type\":\"ImageObject\",\"inLanguage\":\"pl-PL\",\"@id\":\"https:\\\/\\\/duon.pl\\\/lepiejnagaz\\\/#\\\/schema\\\/logo\\\/image\\\/\",\"url\":\"https:\\\/\\\/duon.pl\\\/lepiejnagaz\\\/wp-content\\\/uploads\\\/sites\\\/5\\\/2020\\\/12\\\/cropped-favicon.png\",\"contentUrl\":\"https:\\\/\\\/duon.pl\\\/lepiejnagaz\\\/wp-content\\\/uploads\\\/sites\\\/5\\\/2020\\\/12\\\/cropped-favicon.png\",\"width\":512,\"height\":512,\"caption\":\"DUON\"},\"image\":{\"@id\":\"https:\\\/\\\/duon.pl\\\/lepiejnagaz\\\/#\\\/schema\\\/logo\\\/image\\\/\"}},{\"@type\":\"Person\",\"@id\":\"https:\\\/\\\/duon.pl\\\/lepiejnagaz\\\/#\\\/schema\\\/person\\\/93eca5dabb4ab335fbbfca8b9b1270f3\",\"name\":\"m.trocha\",\"image\":{\"@type\":\"ImageObject\",\"inLanguage\":\"pl-PL\",\"@id\":\"https:\\\/\\\/secure.gravatar.com\\\/avatar\\\/167d61f8d8e4706b769d610a372dabb6c62f2a4335cd0c5c1c6a723dc98be427?s=96&d=mm&r=g\",\"url\":\"https:\\\/\\\/secure.gravatar.com\\\/avatar\\\/167d61f8d8e4706b769d610a372dabb6c62f2a4335cd0c5c1c6a723dc98be427?s=96&d=mm&r=g\",\"contentUrl\":\"https:\\\/\\\/secure.gravatar.com\\\/avatar\\\/167d61f8d8e4706b769d610a372dabb6c62f2a4335cd0c5c1c6a723dc98be427?s=96&d=mm&r=g\",\"caption\":\"m.trocha\"}}]}<\/script>\n<!-- \/ Yoast SEO plugin. -->","yoast_head_json":{"title":"Gaz ziemny LNG \u2013 najwa\u017cniejsze informacje - #LepiejNaGaz","description":"ABC gazu ziemnego \u2013 historia, zalety LNG, zastosowanie w przemy\u015ble. Jak by\u0107 efektywnym i zminimalizowa\u0107 koszty?","robots":{"index":"index","follow":"follow","max-snippet":"max-snippet:-1","max-image-preview":"max-image-preview:large","max-video-preview":"max-video-preview:-1"},"canonical":"https:\/\/duon.pl\/lepiejnagaz\/abc-gazu-ziemnego\/","og_locale":"pl_PL","og_type":"article","og_title":"Gaz ziemny LNG \u2013 najwa\u017cniejsze informacje - #LepiejNaGaz","og_description":"ABC gazu ziemnego \u2013 historia, zalety LNG, zastosowanie w przemy\u015ble. Jak by\u0107 efektywnym i zminimalizowa\u0107 koszty?","og_url":"https:\/\/duon.pl\/lepiejnagaz\/abc-gazu-ziemnego\/","og_site_name":"#LepiejNaGaz","article_modified_time":"2021-04-28T12:40:53+00:00","twitter_card":"summary_large_image","schema":{"@context":"https:\/\/schema.org","@graph":[{"@type":"Article","@id":"https:\/\/duon.pl\/lepiejnagaz\/abc-gazu-ziemnego\/#article","isPartOf":{"@id":"https:\/\/duon.pl\/lepiejnagaz\/abc-gazu-ziemnego\/"},"author":{"name":"m.trocha","@id":"https:\/\/duon.pl\/lepiejnagaz\/#\/schema\/person\/93eca5dabb4ab335fbbfca8b9b1270f3"},"headline":"ABC gazu ziemnego","datePublished":"2020-12-14T11:49:11+00:00","dateModified":"2021-04-28T12:40:53+00:00","mainEntityOfPage":{"@id":"https:\/\/duon.pl\/lepiejnagaz\/abc-gazu-ziemnego\/"},"wordCount":20,"publisher":{"@id":"https:\/\/duon.pl\/lepiejnagaz\/#organization"},"inLanguage":"pl-PL"},{"@type":"WebPage","@id":"https:\/\/duon.pl\/lepiejnagaz\/abc-gazu-ziemnego\/","url":"https:\/\/duon.pl\/lepiejnagaz\/abc-gazu-ziemnego\/","name":"Gaz ziemny LNG \u2013 najwa\u017cniejsze informacje - #LepiejNaGaz","isPartOf":{"@id":"https:\/\/duon.pl\/lepiejnagaz\/#website"},"datePublished":"2020-12-14T11:49:11+00:00","dateModified":"2021-04-28T12:40:53+00:00","description":"ABC gazu ziemnego \u2013 historia, zalety LNG, zastosowanie w przemy\u015ble. Jak by\u0107 efektywnym i zminimalizowa\u0107 koszty?","inLanguage":"pl-PL","potentialAction":[{"@type":"ReadAction","target":["https:\/\/duon.pl\/lepiejnagaz\/abc-gazu-ziemnego\/"]}]},{"@type":"WebSite","@id":"https:\/\/duon.pl\/lepiejnagaz\/#website","url":"https:\/\/duon.pl\/lepiejnagaz\/","name":"#LepiejNaGaz","description":"","publisher":{"@id":"https:\/\/duon.pl\/lepiejnagaz\/#organization"},"potentialAction":[{"@type":"SearchAction","target":{"@type":"EntryPoint","urlTemplate":"https:\/\/duon.pl\/lepiejnagaz\/?s={search_term_string}"},"query-input":{"@type":"PropertyValueSpecification","valueRequired":true,"valueName":"search_term_string"}}],"inLanguage":"pl-PL"},{"@type":"Organization","@id":"https:\/\/duon.pl\/lepiejnagaz\/#organization","name":"DUON","alternateName":"DUON","url":"https:\/\/duon.pl\/lepiejnagaz\/","logo":{"@type":"ImageObject","inLanguage":"pl-PL","@id":"https:\/\/duon.pl\/lepiejnagaz\/#\/schema\/logo\/image\/","url":"https:\/\/duon.pl\/lepiejnagaz\/wp-content\/uploads\/sites\/5\/2020\/12\/cropped-favicon.png","contentUrl":"https:\/\/duon.pl\/lepiejnagaz\/wp-content\/uploads\/sites\/5\/2020\/12\/cropped-favicon.png","width":512,"height":512,"caption":"DUON"},"image":{"@id":"https:\/\/duon.pl\/lepiejnagaz\/#\/schema\/logo\/image\/"}},{"@type":"Person","@id":"https:\/\/duon.pl\/lepiejnagaz\/#\/schema\/person\/93eca5dabb4ab335fbbfca8b9b1270f3","name":"m.trocha","image":{"@type":"ImageObject","inLanguage":"pl-PL","@id":"https:\/\/secure.gravatar.com\/avatar\/167d61f8d8e4706b769d610a372dabb6c62f2a4335cd0c5c1c6a723dc98be427?s=96&d=mm&r=g","url":"https:\/\/secure.gravatar.com\/avatar\/167d61f8d8e4706b769d610a372dabb6c62f2a4335cd0c5c1c6a723dc98be427?s=96&d=mm&r=g","contentUrl":"https:\/\/secure.gravatar.com\/avatar\/167d61f8d8e4706b769d610a372dabb6c62f2a4335cd0c5c1c6a723dc98be427?s=96&d=mm&r=g","caption":"m.trocha"}}]}},"acf":[],"_links":{"self":[{"href":"https:\/\/duon.pl\/lepiejnagaz\/wp-json\/wp\/v2\/pages\/216","targetHints":{"allow":["GET"]}}],"collection":[{"href":"https:\/\/duon.pl\/lepiejnagaz\/wp-json\/wp\/v2\/pages"}],"about":[{"href":"https:\/\/duon.pl\/lepiejnagaz\/wp-json\/wp\/v2\/types\/page"}],"author":[{"embeddable":true,"href":"https:\/\/duon.pl\/lepiejnagaz\/wp-json\/wp\/v2\/users\/1"}],"replies":[{"embeddable":true,"href":"https:\/\/duon.pl\/lepiejnagaz\/wp-json\/wp\/v2\/comments?post=216"}],"version-history":[{"count":1,"href":"https:\/\/duon.pl\/lepiejnagaz\/wp-json\/wp\/v2\/pages\/216\/revisions"}],"predecessor-version":[{"id":217,"href":"https:\/\/duon.pl\/lepiejnagaz\/wp-json\/wp\/v2\/pages\/216\/revisions\/217"}],"wp:attachment":[{"href":"https:\/\/duon.pl\/lepiejnagaz\/wp-json\/wp\/v2\/media?parent=216"}],"curies":[{"name":"wp","href":"https:\/\/api.w.org\/{rel}","templated":true}]}}